 is the value of 6 + (-7 - (-3 - 1)) + 6 + -28?
-19
Evaluate (-7 + 6 - (-1 - 2) - -3) + 6.
11
What is -40 - ((11 - 41) + 8 + 7)?
-25
Evaluate -378 + 398 - (41 + (-3 - -5)).
-23
What is the value of (6 - 1) + 0 + -9 + (36 - 22)?
10
Evaluate (0 - -3) + 9 + (-41 - -29).
0
-12 + -10 + (20 - 0)
-2
What is 14 + -28 - (-11 + 5)?
-8
What is 1 + -7 - ((9 - 3) + 5)?
-17
-30 + 13 + 47 - 63
-33
What is the value of 4 - (-11 + 4 - -10 - 1)?
2
What is -18 + 21 + (-6 + -6 + 16 - 3)?
4
3 - (-2 + 7) - (-2 + 0)
0
What is (-14 - -44) + -19 + 2?
13
Calculate 9 + (10 - (-2 + 10 + 2)).
9
Evaluate -6 + -3 + 4 + 8 + 8.
11
What is the value of (-15 - 0) + 178 + -156 - (15 - 0)?
-8
Calculate 19 + 30 - 28 - 12.
9
Evaluate (1 - -5) + (27 - (2 + 9 - -40)).
-18
What is (3 - -2) + 10 + (0 - 8) + 4?
11
What is the value of (1 - -18) + -10 + -4?
5
(120 - 91) + -12 + 4 + -3
18
What is the value of (-9 - 46) + 19 + 1 + (2 - 0)?
-33
What is 24 + -12 + -22 - (4 - 5)?
-9
What is 0 + -1 - ((16 - 3) + (0 - 15))?
1
18 + -2 + -44 + 26
-2
What is the value of -6 + (27 + -20 - (2 + 4)) + 18?
13
Evaluate 20 + -31 + 11 + 23.
23
5 + -11 + -1 + 14 + 8
15
8 + -1 + (-5 + -1 - -6) + 1
8
What is the value of 3 + -29 - (-22 - -15 - -4)?
-23
Calculate 7 - 0 - ((-60 - 34) + 64).
37
What is the value of (-1 - -2) + (2 - 25) - (-67 + 64)?
-19
Calculate -2 + (-3 - 11) + (0 + 5 - -2).
-9
Calculate (-1 - 0 - -7) + (39 - 69) + 24.
0
Evaluate (22 - 5) + -4 + -11 + 17 + -14.
5
Evaluate (3 - 7) + 9 + (-2 - -5).
8
Calculate 15 + (-5 - -5) - (-2 + 4).
13
What is the value of -7 + 0 - ((1 - (1 - -7)) + 17)?
-17
-13 + 19 + -2 - (-3 + -3 + 3)
7
Calculate 10 + -26 - (8 - (-4 - -8)).
-20
What is -5 + (6 + -22 - -7)?
-14
Evaluate (509 - 493) + -1 + -3.
12
What is the value of -3 + 0 + 1 + (14 - (4 - -8))?
0
What is the value of -7 + (-8 - (-16 - -4))?
-3
What is the value of 0 + 4 + -5 + (28 - 13)?
14
What is the value of -7 + 10 + -22 + 8 - 6?
-17
What is the value of (4 - 9) + 1 - (20 + -28)?
4
What is the value of 2 + (-6 - (20 + -18))?
-6
(1 + -5 - -9) + (-1 + -4 - -13)
13
What is (-13 - 14) + 51 - 41?
-17
Calculate -38 - (-58 - (14 - 44)).
-10
What is 3 + -11 - (-5 - (-10 + 4) - 1)?
-8
What is the value of (-2 + 0 - 0) + 28 + -20 - 12?
-6
Calculate 52 + 5 + -16 + 7 + -20.
28
0 - (16 + 12 + -18)
-10
What is the value of 3 - -11 - 44 - -19?
-11
Calculate 6 - (0 + 14 + -4 + -2).
-2
What is 91 + -79 - (-4 + 5 + -3)?
14
10 + (3 - 5) - (-14 + 2 + -2)
22
Evaluate 19 - ((-3 - (-2 + 6)) + 0 + 13).
13
Evaluate -28 - ((-1 - 10) + -4).
-13
Evaluate 5 + (0 - 5) + (-3 - -8) + -3.
2
What is (1 - 4) + (-14 + 2 + 21 - 1)?
5
What is the value of -1 + 5 - (179 + -183)?
8
(-1 - 3) + -1 + 2 + -1 - -21
17
Evaluate -64 - -71 - (-7 + 13).
1
(-2 - (4 - 11)) + (-18 - -9)
-4
6 - 33 - (-18 - (24 + -39))
-24
-25 - (34 + -19 + -17)
-23
Evaluate 24 + (-39 - 23) + 6.
-32
Calculate -49 + -45 + 84 - (0 - (0 + 1)).
-9
-91 + 72 + 13 + 13
7
Calculate 6 + 0 + (7 - 12) - (2 + -8).
7
What is the value of -63 - ((-10 - 30) + 11)?
-34
-1 + -1 + (0 - (-1 - -2)) + 2
-1
Calculate 29 + (-17 - 1 - (-97 - -88)).
20
Evaluate 19 - 5 - 8 - 3.
3
Evaluate 17 + (0 + 9 - 17).
9
Calculate 3 - 1 - (-38 + 57 + -14).
-3
Calculate 78 + -86 + (1 - -12) + -2.
3
What is 9 + (7 + -3 + -1 - -4 - 9)?
7
What is (1 - (-13 - -9)) + (1 + -5 - 0)?
1
Evaluate -4 - (19 + (9 - 18)) - (-3 + 2).
-13
What is the value of (-5 + 2 + 3 - (-64 + 65)) + 19?
18
Calculate 12 + (5 + 2 - 2 - -6).
23
32 + -10 + -12 + 5
15
What is the value of 13 + (49 + -70 - (15 - 0))?
-23
Evaluate (7 - 5) + -7 + (5 - -3).
3
Evaluate 10 - (19 - (1 - -6)) - (-17 + 3).
12
Calculate -54 + (-6 - (-19 + -7)) + (0 - -3).
-31
What is the value of -14 + (-19 - -33) - (-2 + -4)?
6
Evaluate (6 - (-2 - -2)) + (14 - 5).
15
26 - 16 - ((-1 - 2) + -1)
14
Calculate (172 - 174) + 0 + -2 + -2.
-6
-22 + ((12 - 2) + 11 - 11)
-12
Evaluate (-7 + -3 + 41 - 10) + -6.
15
78 - 73 - (-1 + (-1 - -1)) - 3
3
Evaluate (-11 - -16 - (-1 + 2 + 1)) + -19.
-16
What is 16 + -3 + -22 + 7 + 10?
8
Evaluate -7 - (-10 + -5 + 13 - (3 + -1)).
-3
Evaluate -11 + (-16 - (13 + -25)) - -48.
33
What is 4 + -10 + (2 - (5 - 10))?
1
Evaluate -9 + -2 + 1 - -7 - 5.
-8
What is -4 - -20 - (18 - -5)?
-7
What is (-11 + 7 - (-1 + -1)) + (-47 - -28)?
-21
What is the value of (9 + -4 - 2) + -9 + -2?
-8
Calculate (-6 - -18) + (-2 - (4 - -1)) - 8.
-3
Calculate -6 + -3 + 15 - 11.
-5
(10 + -4 - 4) + -7 + 1 - -1
-3
10 + -10 + (2 - -7) - 1
8
What is the value of (0 - (-2 + 0)) + -1 + (-32 - -23)?
-8
Calculate -4 - (11 + -16 + (7 - 5)) - 4.
-5
What is -2 - -12 - (-95 + 113)?
-8
-28 - (-13 + -41) - 13
13
Calculate -3 + -1 + (66 - 56).
6
What is the value of -31 + 30 - (26 + -5)?
-22
What is the value of 6 - (4 + 33 + -4 + (-33 - -28))?
-22
-8 - (6 + (-17 - -8))
-5
What is (-2 - -6 - (52 + -40)) + 3 + 0?
-5
What is the value of 0 - -16 - 7 - 5?
4
Calculate -8 + (-12 + -4 - -35).
11
-279 + 292 + (-6 + 1 - -11)
19
Calculate (9 - -16 - -5 - 11) + -6.
13
Calculate -14 + (5 + 39 - 13) + -1.
16
Evaluate (-8 - -9) + (6 - 0 - (8 + -3)).
2
What is the value of -13 + (-10 - -23) - 3?
-3
What is the value of (-27 - -14) + 10 - -24?
21
-19 + 0 - (-11 - -11 - (12 - 6))
-13
Calculate -2 - (0 + 0 + (-7 - 1)).
6
What is the value of -14 + 22 + -20 + -1?
-13
Evaluate (-6 - -3 - -5) + (10 - 12).
0
What is -11 + 5 - (3 - 0 - (21 + -28))?
-16
-18 + (-4 - -21) + 17
16
What is the value of -4 - ((28 - 2) + -3 - 8)?
-19
Calculate (-1 - -16 - 2) + -7 + -3.
3
What is -1 + -14 + -2 + (7 - 2) + 2?
-10
Evaluate (3 - 41) + (-32 - -51).
-19
What is 4 + -9 + (-50 - -11) + -1 + 9?
-36
Evaluate 111 + -91 - (17 + -3).
6
What is the value of (36 + 0 - -1) + (-42 - (0 + -34))?
29
What is the value of (-8 - 23) + 13 - -6?
-12
Calculate (15 - 1) + -1 + -1 - (112 + -115).
15
What is the value of 29 + (-18 + 1 - -5) - -8?
25
What is the value of (4 - 5 - -17) + (12 - (25 - 6))?
9
(0 - -27) + -16 + -6
5
What is the value of -20 - -22 - (1 + 3 - -6)?
-8
Evaluate -2 + -2 + 3 - (8 + -14 + -4).
9
What is -9 + 2 + (21 + 4 - 8 - 2)?
8
What is the value of -7 + (-24 - -15) + 9?
-7
What is 1 + -4 + 3 + -5 - -7?
2
-24 - (1 + -15 + 11) - 2
-23
What is 8 + -31 + 30 - -7?
14
What is 0 + (2 - 1) - -2 - (1 + -1)?
3
Calculate 3 + 8 - 1 - 17 - (1 - 5).
-3
Calculate -3 + 1 + 8 + -2 + 6 + -20.
-10
What is -528 - -514 - (1 + (0 - 0))?
-15
What is the value of 6 + -2 - (-15 + 21 - 10)?
8
What is 12 + 0 - (-10 + -8 + 27)?
3
What is the value of (-26 - ((-1 - -24) + -9)) + 10?
-30
(-15 - -28) + 0 + -20
-7
What is -22 + 28 - 3 - 0?
3
Evaluate -43 + (-8 - (13 + -40)).
-24
-1 - (-2 + 5 - 3) - 10
-11
What is the value of (-3 + -25 - -17) + -10 + 10?
-11
Evaluate -7 - (-8 + 12 + -7 - (2 - 3)).
-5
Evaluate (7 - 21) + 25 - (2 - 1).
10
What is -1 + -15 - (-5 - (-5 - -6))?
-10
What is 10 + -4 + 0 - (-1 - (-19 - -3))?
-9
Calculate (-20 - (-32 + 7)) + -1 + -8.
-4
What is (25 + -1 - 23) + 11?
12
What is -8 - -7 - -3 - -4 - 5 - 6?
-5
What is (1 - -16) + -15 + 6 + -36?
-28
What is -1 + 1 - (-44 + 48) - -10?
6
What is the value of -2 + 14 + -16 + -13?
-17
Calculate -15 + 6 + 0 + (-86 - -83).
-12
Evaluate (-1 - -11) + 0 + 1 + 2.
13
Evaluate -4 - 6 - (12 - (20 - 16)).
-18
(1 - (1 - -12)) + 17
5
20 + (-15 - -9 - (-4 + 3 - 1))
16
What is the value of 0 + 20 + -12 + -8?
0
Calculate (1 - (13 - (-8 + 14))) + 16.
10
Calculate -24 + (12 - -4) + (19 - 2) + 6.
15
What is (1 - (-2 - -12)) + (422 - 428)?
-15
What is (4 - -5) + -21 + 1 + 21?
10
Evaluate -25 - -1 - (375 + -392).
-7
What is the value of -2 + -2 + -38 + 18?
-24
6 + (-39 - -23 - -24)
14
Calculate -11 - 2 - (32 - 64).
19
Calculate -27 + 1 - (-51 + 29 - -13).
-17
What is the value of 3 + -10 + -2 + (14 - 11) + -2?
-8
What is the value of (-4 - -1) + -4 + (-5 - (-28 - 18))?
34
What is 19 + (4 - 26) - -9?
6
Evaluate -2 + -11 + (372 - 388).
-29
What is 0 + (-8 - (-3 + 6) - 2)?
-13
19 + -12 - (59 + -72)
20
Calculate 12 + -1 + (-3 - (-2 - -1) - 4).
5
Calculate -2 - (-3 + (-19 - -16)).
4
(-9 + 0 - -11) + -12 - -8
-2
Calculate -12 + (13 - 15) + -3.
-17
2 - (-21 + 1 - -26)
-4
What is the value of (-37 - (-48 + 12)) + 1 + -23?
-23
Evaluate -43 - -2 - ((-5 - (-11 + 8)) + -3).
-36
What is 4 + (-9 - -18 - 7) + -10?
-4
Calculate -14 - -12 - (4 - 9 - 11).
14
Calculate -28 + (-5 - -19) + 27.
13
What is the value of 2 -